ppose 5*q + 52 = w, 3*q - 44 = -w + 4*q. Let l = 173434 - 173308. Calculate the greatest common factor of w and l.
42
Let l be ((-8)/(-6)*(-318)/5)/(60/(-150)). What is the highest common factor of 7102 and l?
106
Suppose q - 176 = 5*u - 1542, 0 = 5*u - 2*q - 1372. What is the greatest common factor of 88 and u?
8
Let r = 235 + -179. Let j(z) = z**2 + 19. Let k be j(-11). What is the greatest common divisor of r and k?
28
Suppose -3*d + d + 2 = 0. Suppose 3*o + v + d = 23, -3*o + v + 26 = 0. Let u = -104 - -108. What is the greatest common factor of u and o?
4
Suppose 3*r + 858 - 3045 = 0. Let h = -296096 - -296123. Calculate the highest common factor of h and r.
27
Let q(o) = -4*o - 8. Let m be q(14). Let s = m + 100. Let h(l) = -l**3 + 9*l**2 + 4. Let u be h(9). What is the greatest common factor of s and u?
4
Let m(o) = -4*o + 2. Let j be m(-6). Let x = -300 - -57. Let y = x - -256. What is the highest common divisor of y and j?
13
Let j be (-10)/6*(-4983)/755. Calculate the greatest common factor of 3333 and j.
11
Suppose 3*l = 2*l + 1. Suppose 0 = 10*x - 9*x - 10. Suppose 0 = -x*g + 9*g + 1. Calculate the highest common divisor of l and g.
1
Let o be (-1412)/(-8) - (-4)/(-8). Let m be -7 - ((-60)/50)/(2/145). Calculate the greatest common factor of o and m.
16
Suppose 2*k + 223 = -3*u + 1293, -3*u - 3*k = -1074. Calculate the highest common factor of 1888 and u.
118
Let x be ((-476)/(-51))/((-4)/(-42)). Let w = 132 - x. Calculate the highest common factor of w and 136.
34
Let m(i) = i**3 - 2*i**2 - 3*i - 2. Let u be m(3). Let f be 4/(-6)*324/u. Suppose 64*n - 48 = 60*n. What is the greatest common divisor of n and f?
12
Let l(g) = 2*g. Suppose 53*c - 44*c - 45 = 0. Let j be l(c). Let q(v) = v**3 - 4*v**2 + 2*v + 6. Let m be q(6). What is the highest common divisor of j and m?
10
Suppose 28*q = 19539 + 3561. Calculate the highest common divisor of 375 and q.
75
Suppose 5*v - 2*k - 1105 = 0, -376*k + 861 = 4*v - 373*k. What is the greatest common divisor of v and 1752?
219
Let m be ((-5)/(-15))/((-327)/(-108) + -3). Suppose 3*x = -3*a + m, 2*a - 4 = -0. Suppose 16*b = 36 + 12. Calculate the greatest common factor of b and x.
1
Let k = -1395 - -1483. What is the highest common factor of k and 3146?
22
Let a(u) = 45*u - 478. Let y be a(22). Calculate the greatest common divisor of y and 64.
64
Let p(y) = y**2 + 121*y + 910. Let r be p(-113). Calculate the highest common factor of 7122 and r.
6
Let p = 28 + -15. Let g(x) be the first derivative of -x**4/4 + 8*x**3/3 + 8*x**2 + 15*x - 39. Let q be g(8). What is the greatest common divisor of q and p?
13
Let h = -227 - -257. Let b be ((-675)/h)/(2/(-4)). What is the highest common factor of b and 360?
45
Let b = -3704 + 5394. Let h = b + -1554. Let p = 0 - -17. Calculate the highest common factor of h and p.
17
Suppose 12*x - 10*x + 268 = 2*w, 260 = 2*w - 4*x. Let r(g) = -11*g - 63. Let h be r(-12). Calculate the greatest common divisor of h and w.
69
Suppose -3*k - 4*h = -860, 122 = -4*k - 2*h + 1292. Suppose -2*z = -5 - 11. What is the highest common divisor of z and k?
8
Let l(b) = 2*b**2 + 276*b + 555. Let g be l(-136). Calculate the greatest common divisor of 31 and g.
1
Let r = -18 + 18. Suppose r = -5*p + 81 + 4. Let q be 1*p + (-8 - 14/(-2)). Calculate the highest common divisor of 40 and q.
8
Suppose 5*h = -3*w + 211, 0 = -4*h - 5*w + 67 + 107. Suppose c - h = -2*j, -2*j + c + 85 = 2*j. Calculate the greatest common divisor of 3 and j.
3
Suppose 8*p - 37 = -21. Let m(x) = -x - 22. Let f be m(-16). Let z be 9/(-6)*2*f. Calculate the highest common divisor of p and z.
2
Let d(s) = -s**2 + 7*s + 32. Let i be d(10). Suppose -2*y = i*g - 32, 6*y - 39 = 2*y + g. What is the greatest common factor of y and 143?
11
Suppose 3*r - 14*l - 185 = -13*l, 135 = 2*r - 3*l. Let i be ((-1)/1)/(1/(-42)). Calculate the greatest common divisor of r and i.
6
Suppose -7*f = -0*f - 70. Let o(x) = 3*x**2 + x. Let l be o(-5). Suppose -l = -14*k + 12*k. Calculate the highest common divisor of f and k.
5
Suppose -j - 772*t + 777*t = 3, 2*j - 4*t = 24. What is the highest common divisor of j and 300?
2
Suppose -10 = -2*x, 5*x = -2*s + 2*x - 51. Let o be (-4)/(-22) + (-885)/s. Calculate the greatest common factor of o and 297.
27
Let t be 2 + 241 + 0 + 39/(-13). What is the greatest common divisor of 14480 and t?
80
Let t(m) = -m**2 + 11*m + 4. Let v be t(10). Suppose 145*n - 39*n - 38425 = 37259. Calculate the greatest common factor of v and n.
14
Suppose 2*m - 3*x = 0, 5*m + 5*x = m. Suppose 2*y + m*g - g = -3, 2*y - 27 = -5*g. What is the greatest common factor of y and 47?
1
Suppose 139*r = 47*r + 1288. Calculate the highest common divisor of r and 7259.
7
Suppose 0 = -g + 51 - 12. Let q(j) = 189*j + 3884. Let x be q(-20). What is the highest common divisor of x and g?
13
Let h = 95 - -15. Let c be 616/231*(34 - 1). What is the greatest common factor of c and h?
22
Suppose 4629 - 12189 = -35*a. Calculate the highest common factor of a and 168.
24
Let n = -9650 - -12351. What is the greatest common factor of 185 and n?
37
Suppose 22 = f + 7. Let r = 539 - 535. Let m be r/(-10) - 204/(-60). Calculate the greatest common divisor of f and m.
3
Let b = -40 + 64. Let w = 10615 + -10612. What is the highest common factor of w and b?
3
Suppose 0*m = m - 3. Suppose -1033*l = -5563 - 5800. Calculate the greatest common divisor of m and l.
1
Suppose g - 330 = 4*o - 9*o, -235 = -4*o + 5*g. Let w = -67 + 80. Calculate the greatest common factor of o and w.
13
Let o be (-5)/(30/(-4))*198. Let g = o + -112. What is the greatest common divisor of 15 and g?
5
Let i = 3967 - 3946. What is the highest common divisor of i and 119?
7
Let g(o) = 3*o**3 + 14*o**2 - 9*o + 7. Suppose -3*u - 2*x - 11 = 0, -u - 6 + 9 = 4*x. Let n be g(u). Calculate the highest common factor of 3 and n.
3
Suppose 3*h = 15, -15 = 8*q - 7*q - 3*h. Suppose q = -15*v - 3*v + 5760. Calculate the greatest common factor of v and 192.
64
Let i = 13076 + -12951. Calculate the greatest common factor of i and 1925.
25
Let u = -503 + 508. Let j be (u - (-4 + -3))*2/3. Let a(k) = -103*k + 1. Let v be a(-1). What is the highest common factor of v and j?
8
Let i = -17 - -39. Let p(z) = z**2 + 2*z + 11. Let q be p(-7). Let s = -2 + q. Calculate the highest common divisor of i and s.
22
Suppose 5*b - 425 = -2*d, 3*d + 2*d + 141 = 2*b. Suppose 0 = -8*q - b + 259. Calculate the greatest common factor of q and 1.
1
Suppose 4*r + 4*k - k - 115 = 0, 4*k - 81 = -3*r. Let u(s) = 0*s + 1 - 10*s + 1. Let d be u(-6). Calculate the greatest common factor of d and r.
31
Let a = 258 - -115. Let o = a + -343. Calculate the highest common divisor of 160 and o.
10
Let z(r) = 4*r**2 - 213*r - 500. Let y be z(56). What is the greatest common divisor of 1334 and y?
58
Let g(p) = p**3 + p**2 + p - 1. Let t be g(1). Suppose -2*n = 5*s - 128, t*s + 199 = -5*n + 519. Calculate the highest common divisor of n and 8.
8
Let h be (-64)/((-4)/(-110)*(-365)/2774). What is the highest common factor of 22 and h?
22
Let v = -74 + 161. Let n(x) = x**2 - 338*x - 4194. Let a be n(-12). Calculate the greatest common divisor of a and v.
3
Let g be 264/(-120) - (-1855)/25. What is the greatest common factor of 584 and g?
8
Let q = -35 - -40. Suppose -q*j = -5*w - 2*j + 321, -117 = -2*w + 5*j. Calculate the highest common divisor of w and 12.
6
Suppose -4*s + 20 = s, 5*s = -d + 19. Let f be ((-17928)/581)/(d/14). Calculate the greatest common factor of 48 and f.
48
Let g be (5494 - (-22 + 0))*1. Calculate the greatest common factor of g and 112.
28
Let j(d) = -647*d + 16633. Let h be j(14). What is the highest common factor of 125 and h?
25
Suppose -5*v + 2*v = -57. Let l = -6400 + 6401. Calculate the highest common divisor of l and v.
1
Let j(c) = 34*c + 56*c - 13 - 16*c. Let g be j(2). Calculate the highest common factor of 18 and g.
9
Let i = 131006 - 83861. Calculate the greatest common factor of 35 and i.
35
Suppose -2*n + 10*k = 5*k - 1582, -4*k = -5*n + 4006. Let r(y) = 51*y**2 + y. Let j be r(1). What is the greatest common factor of j and n?
26
Let c = 172 - 419. Let z = c + 262. Let o = 33 + -18. What is the greatest common factor of o and z?
15
Let j be (2 - (-4054 + 3))*(-10 + 9). Let v be -1 +